- n). Calculate the highest common divisor of 20 and o.
20
Suppose 2*b + 17 = b. Let q = b - -76. Suppose z + 2*z = -2*m + 48, q = 4*z + m. Calculate the highest common factor of 112 and z.
14
Let v be (1 - (-29 + 1))*1. Suppose 3*r - 675 = -3*m, 2*r = 43*m - 46*m + 682. What is the greatest common factor of m and v?
29
Let b(g) = -g**3 + 20*g**2 - 16*g - 37. Let c be b(19). What is the highest common factor of 52 and c?
4
Let c = 41 + -17. Suppose 0 = 4*o + 2*u + 8 - 32, -3*o = u - 18. Suppose 0 = 11*m - o*m - 40. Calculate the greatest common divisor of c and m.
8
Suppose 0 = -r - 2*r - 4*z + 27, -2*z = 0. Suppose 0 = -10*s + 98 - 88. What is the greatest common divisor of r and s?
1
Let o = 2 + 15. Let c(h) = -h**2 - 9*h + 1. Let b be c(-7). Suppose -b = 2*a + a, 2*a - 143 = -3*v. Calculate the highest common divisor of o and v.
17
Suppose 6*u + 30 + 6 = 0. Let q be u/33 - (-9360)/55. Calculate the highest common factor of q and 68.
34
Suppose 26*j - 2926 + 274 = 0. Calculate the greatest common divisor of j and 1377.
51
Let b(n) = -n**2 + 3*n + 19. Let v be b(5). Let w = v + 173. Calculate the greatest common divisor of 26 and w.
26
Suppose -1131 + 438 = -9*c. Calculate the highest common divisor of 231 and c.
77
Let r be ((-36)/(-10))/(33/165). Let p be (8 - -4)*(-3)/(-2). Calculate the highest common divisor of r and p.
18
Let g(s) = 236*s - 71. Let h be g(1). Calculate the highest common divisor of h and 627.
33
Let y(s) = 8*s + 605. Let k be y(-45). Calculate the highest common factor of 5 and k.
5
Let n(z) = -z + 28. Let c be n(0). Suppose 33*q - 34*q + 114 = 0. Suppose 0 = -q*j + 110*j + 16. Calculate the greatest common divisor of c and j.
4
Suppose 5*d - 26 = -5*g + 3*g, 20 = 5*d + 5*g. Calculate the highest common factor of 174 and d.
6
Let d(h) = 4*h**2 + 4*h - 8. Let f be d(-7). Suppose 98*a - 1747 = 213. What is the greatest common factor of f and a?
20
Suppose 3*o = -10 - 8. Let d = 13 + o. Calculate the greatest common divisor of 56 and d.
7
Let b = 10 - 18. Let d(r) = -r - 11. Let i be d(b). Let p(h) = h**3 + 3*h**2 - 4*h - 4. Let w be p(i). Calculate the greatest common factor of w and 2.
2
Suppose -4*r = 3*v - 7*v + 116, 3*r + 33 = v. Calculate the highest common factor of 54 and v.
27
Suppose -20 = 6*t - 11*t. Suppose 2*s - 2*o = t*s - 4, -2*s + 4*o + 16 = 0. Calculate the highest common divisor of s and 4.
4
Let r be 1/(-2)*104/((-16)/4). Let h = 10 + r. What is the highest common factor of 161 and h?
23
Let k = 131 + -120. Calculate the greatest common divisor of k and 264.
11
Let h be (-4)/(-18) - (-86)/18. Suppose 2*l - 4*a - 54 = 0, 4*a - 29 = -l + 8*a. What is the highest common divisor of h and l?
5
Let h(j) = 2*j + 14. Let w be h(-6). Let d be (w - 1) + 2 - -2. Suppose -5*n = -k + 22 + 33, 130 = 2*k - d*n. Calculate the highest common divisor of k and 30.
15
Suppose -4*p + 4*l + 52 = 0, 2*p - 36 = -p + 4*l. What is the highest common divisor of 4 and p?
4
Let q = 27 - 54. Let u = q - -33. What is the highest common divisor of 30 and u?
6
Let k(b) = -b + 40. Suppose -5*d = 5*m + 10, 0*m - 4*m + 4*d = 0. Let q be -2 - (2 - 5 - m). Let g be k(q). Calculate the highest common divisor of 8 and g.
8
Suppose -3*t = -2*y - 9 + 26, -5*y + 26 = -2*t. Suppose 16 + y = 4*z. Calculate the greatest common factor of 55 and z.
5
Suppose 4*z - 7*z - 12 = 0. Let a(w) = 2*w**2 - 3. Let q be a(z). Let f = q - 13. Calculate the highest common factor of f and 16.
16
Let a(p) = p - 3. Let d be a(-7). Let k = 3 + d. Let x(w) = -w**3 - 4*w**2 - 10*w - 7. Let f be x(k). Calculate the highest common divisor of 21 and f.
21
Let n be (3/(-2) - -3)/(3/34). Calculate the highest common divisor of n and 1615.
17
Let s(k) = -k**3 + 6*k**2 + 6*k + 2. Let h be s(6). Suppose -3*t + 82 = 4*m + 2*t, -2*m = 4*t - h. Calculate the highest common factor of m and 23.
23
Suppose 3*c = -0*g + 5*g - 30, 2*g = -4*c - 14. Let a be 45/(-6)*(-9 + g). What is the greatest common factor of 9 and a?
9
Let n be 20/3*(-84)/(-35). What is the greatest common divisor of 5 and n?
1
Suppose 0 = -4*f + 17 - 1. Let t be 183/(f + -1) - -2. Let l(v) = v**3 + 6*v**2 + 7*v + 5. Let q be l(-2). What is the highest common divisor of t and q?
7
Let q = -421 - -501. Calculate the highest common divisor of q and 128.
16
Suppose -48 = -3*l - 0*l. Let v = l - 6. What is the greatest common factor of 10 and v?
10
Suppose 161 = 94*b - 71*b. Let q be 0/(-2) + -1 + 0. Let n = 29 + q. What is the highest common divisor of b and n?
7
Let u = -1164 - -1540. What is the highest common factor of u and 32?
8
Let y be 9 + -6 - 6*-13. Calculate the greatest common factor of y and 243.
81
Let g(z) = 8*z + 6. Let v be (-3)/(1/(40/(-15))). Let h be g(v). Calculate the greatest common divisor of h and 10.
10
Let b = -140 - -305. Let g = b - 95. Suppose 4*q - 68 = -4*p, 0*q - 2*p = 5*q - g. What is the greatest common factor of q and 12?
12
Let y(a) = -a**3 + 4*a**2 + 7*a - 9. Let t be y(5). Let x be (-4)/3*27/(-6). Let b = x + t. What is the highest common divisor of 56 and b?
7
Suppose 0 = -3*y - 2*b + 15, -284*y + 15 = -281*y + 5*b. Suppose -m = -2 - 2. What is the greatest common factor of m and y?
1
Let j be (18/8)/((-39)/(-156)). What is the highest common factor of j and 279?
9
Let l(z) = z + 34. Let f be l(-10). Let n = 30 + -26. Let j be n - 1/((-4)/848). Calculate the highest common divisor of f and j.
24
Let q = -63 + 29. Let f = 8 - q. What is the highest common factor of 7 and f?
7
Suppose t - 33 = 72. Let g(c) = -4 + 5*c + 29*c**2 + 9*c**2 - 6*c**2 + 37*c**2. Let s be g(1). What is the highest common divisor of t and s?
35
Let v be ((-12)/(-14))/((-5)/(-700)*5). Calculate the highest common divisor of 180 and v.
12
Let b be (1/4*2)/(7/42). What is the highest common divisor of b and 4?
1
Suppose 0 = -3*t + 8*t + 775. Let s = 327 + t. Suppose 3*b + 0*h - 262 = -4*h, -2*b - 4*h = -s. What is the greatest common divisor of b and 10?
10
Suppose -21*u = -19*u, 2*j = -4*u + 16. Calculate the highest common divisor of 4 and j.
4
Suppose 5*h - 4*p - 240 = 0, 0 = -5*h + 2*p + 42 + 208. What is the greatest common factor of h and 12?
4
Suppose 0 = 5*u - u - r - 641, -3*u + 484 = -4*r. Let c = u + -75. What is the highest common factor of c and 34?
17
Let g(d) = -d**2 - 19*d + 4. Let x be g(-12). Let p = x + -60. Let i = 105 - p. What is the highest common factor of i and 7?
7
Suppose -4 = -x + 9. Suppose 19916*h - 19908*h = 832. What is the highest common factor of h and x?
13
Let s(q) = 175*q - 86. Let f be s(2). What is the highest common factor of 88 and f?
88
Let o(n) = n**2 - 3*n - 31. Let s = -6 - -16. Let p be o(s). What is the highest common factor of 26 and p?
13
Suppose -1 - 4 = u. Let x be (u/(-10))/((-1)/74). Let h = -20 - x. Calculate the greatest common divisor of 85 and h.
17
Let y = -15 - -16. Let h(v) = 2*v + 5. Let s be h(-7). Let n be (3/s)/(2/(-12)). Calculate the highest common divisor of y and n.
1
Suppose -139 + 110 = -m. Calculate the highest common divisor of m and 29.
29
Suppose 0 = -4*d - 2*i + 48, -4*d - d + 2*i + 60 = 0. Let j be 1/(5/d) + 10/(-25). What is the greatest common divisor of j and 8?
2
Let o(f) = 39*f**2 + f + 3. Let c be o(-3). Let z = 353 - 314. What is the greatest common divisor of z and c?
39
Suppose 2 = -l, 4*n - 2*l + 3*l + 2 = 0. Suppose -6*v + 216 = -n*v. Calculate the greatest common factor of 54 and v.
18
Suppose 240 = u + 3*u. Calculate the greatest common divisor of 12 and u.
12
Suppose p + 44 = 4*f, -4*f + f - 2*p = -22. Let q = 433 - 363. What is the greatest common factor of q and f?
10
Let y(x) = x**2 - 13*x + 6. Let m be y(13). Let u be -3*((-2)/(m/9) - 2). Calculate the greatest common factor of u and 105.
15
Suppose 33*d = -17*d + 400. What is the greatest common factor of d and 432?
8
Let p be 3/(-10)*-432 - (-46)/115. Calculate the highest common divisor of 65 and p.
65
Suppose -4*n + 372 = 2*g, 3*n + 3*g - 2*g - 279 = 0. What is the greatest common factor of 651 and n?
93
Suppose -h + 41 - 31 = 0. What is the greatest common factor of h and 600?
10
Let c(y) = -y + 12. Suppose -4*a + 41 = 1. Let o be c(a). What is the highest common divisor of 2 and o?
2
Let i(y) = -4*y - 4. Suppose 20*p - 25*p - 65 = 0. Let a be i(p). What is t